{"id":232,"date":"2020-12-25T08:54:53","date_gmt":"2020-12-25T08:54:53","guid":{"rendered":"http:\/\/www.ayka-tech.com\/?page_id=232"},"modified":"2022-12-02T09:21:06","modified_gmt":"2022-12-02T09:21:06","slug":"bize-ulasin-2","status":"publish","type":"page","link":"http:\/\/www.ayka-tech.com\/?page_id=232","title":{"rendered":"B\u0130ZE ULA\u015eIN"},"content":{"rendered":"\n<h3><span class=\"has-inline-color has-vivid-cyan-blue-color\">TELEFON<\/span><\/h3>\n\n\n\n<p><strong>GMS<\/strong>: 0538 46276 77<\/p>\n\n\n\n<p><strong>GMS<\/strong>: 0542 596 0046<\/p>\n\n\n\n<h3><span class=\"has-inline-color has-vivid-cyan-blue-color\">MA\u0130L<\/span><\/h3>\n\n\n\n<p><strong><span class=\"has-inline-color has-vivid-cyan-blue-color\">cetinilter@outlook.com<\/span><\/strong><\/p>\n\n\n\n<p><span class=\"has-inline-color has-vivid-cyan-blue-color\">s.yildirim1979@hotmail.com<\/span><\/p>\n\n\n\n<h3><span class=\"has-inline-color has-vivid-cyan-blue-color\">ADRES<\/span><\/h3>\n\n\n\n<p>KONAK MAHALLES\u0130 G\u00dcZELLE\u015eT\u0130RME CADDES\u0130 NO:12\/A<\/p>\n\n\n\n<p>                                       MERKEZ \/BURDUR<\/p>\n","protected":false},"excerpt":{"rendered":"<p>TELEFON GMS: 0538 46276 77 GMS: 0542 596 0046 MA\u0130L cetinilter@outlook.com s.yildirim1979@hotmail.com ADRES KONAK MAHALLES\u0130 G\u00dcZELLE\u015eT\u0130RME CADDES\u0130 NO:12\/A MERKEZ \/BURDUR<\/p>\n","protected":false},"author":1,"featured_media":0,"parent":0,"menu_order":0,"comment_status":"closed","ping_status":"closed","template":"","meta":[],"_links":{"self":[{"href":"http:\/\/www.ayka-tech.com\/index.php?rest_route=\/wp\/v2\/pages\/232"}],"collection":[{"href":"http:\/\/www.ayka-tech.com\/index.php?rest_route=\/wp\/v2\/pages"}],"about":[{"href":"http:\/\/www.ayka-tech.com\/index.php?rest_route=\/wp\/v2\/types\/page"}],"author":[{"embeddable":true,"href":"http:\/\/www.ayka-tech.com\/index.php?rest_route=\/wp\/v2\/users\/1"}],"replies":[{"embeddable":true,"href":"http:\/\/www.ayka-tech.com\/index.php?rest_route=%2Fwp%2Fv2%2Fcomments&post=232"}],"version-history":[{"count":7,"href":"http:\/\/www.ayka-tech.com\/index.php?rest_route=\/wp\/v2\/pages\/232\/revisions"}],"predecessor-version":[{"id":686,"href":"http:\/\/www.ayka-tech.com\/index.php?rest_route=\/wp\/v2\/pages\/232\/revisions\/686"}],"wp:attachment":[{"href":"http:\/\/www.ayka-tech.com\/index.php?rest_route=%2Fwp%2Fv2%2Fmedia&parent=232"}],"curies":[{"name":"wp","href":"https:\/\/api.w.org\/{rel}","templated":true}]}}